.
17
Let o(n) = 7*n - 26. Determine o(4).
2
Let p(m) = 6*m. Determine p(-1).
-6
Let j(l) = l**3 - 8*l**2 - 1. Calculate j(8).
-1
Let o(v) = -9*v - 1. What is o(-5)?
44
Let q(r) = r**3 - 4*r - 6. Determine q(0).
-6
Let z(v) = -2*v**2 + 20*v + 27. Calculate z(11).
5
Let c(v) = 13*v - 89. Calculate c(7).
2
Let w(g) = g**2 - 10*g - 26. Determine w(12).
-2
Let u(k) = 5*k**2 - k - 2. Give u(2).
16
Let f(a) = 2*a**2 - 3*a + 9. Give f(2).
11
Let s(y) = y**2 + 5*y - 4. Give s(1).
2
Let w(y) = -y**2 - 11*y - 36. Give w(-6).
-6
Let t(p) = p - 5. What is t(-5)?
-10
Let q(f) = f**2 + 13*f + 33. What is q(-7)?
-9
Let r(y) = -111*y + 223. Determine r(2).
1
Let m(l) = 17*l + 179. Determine m(-11).
-8
Let y(h) = -2*h**2 - h - 1. Give y(-6).
-67
Let k(u) = -9*u - 6. What is k(-2)?
12
Let f(p) = -10*p - 552. Give f(-55).
-2
Let v(d) = -13*d**2 + d - 1. Give v(1).
-13
Let p(t) = 5*t + 22. Determine p(-4).
2
Let j(p) = p**3 - 24*p**2 - 21*p - 89. Calculate j(25).
11
Let w(h) = -3*h**2 + 5*h - 4. What is w(1)?
-2
Let r(a) = -a. What is r(6)?
-6
Let l(y) = -y**3 + 13*y**2 - 21*y - 2. Determine l(11).
9
Let o(k) = -k**2 + k + 9. Determine o(-4).
-11
Let x(f) = -8*f + 98. Determine x(12).
2
Let x(s) = -s - 27. Give x(14).
-41
Let i(y) = -6*y**2 - 1. Calculate i(1).
-7
Let o(m) = m**3 - 8*m**2 - 13*m + 29. What is o(9)?
-7
Let t(u) = -u**2 - 4*u + 25. What is t(-6)?
13
Let a(g) = g**3 + 2*g. What is a(2)?
12
Let i(r) = -5*r**3 + 4*r**2 - 4*r - 2. What is i(2)?
-34
Let h(y) = -2*y**2 - y + 18. What is h(4)?
-18
Let w(q) = -2*q - 49. What is w(-17)?
-15
Let r(q) = q**3 + 5*q**2 + 2. Calculate r(-5).
2
Let g(d) = 2*d - 8. Calculate g(-7).
-22
Let t(f) = 15*f - 171. Give t(11).
-6
Let x(r) = 9*r - 1. Calculate x(-5).
-46
Let v(x) = 2*x + 10. Calculate v(0).
10
Let a(c) = c**3 + 10*c**2 + 7*c + 3. Give a(-6).
105
Let y(o) = -4*o + 60. Determine y(-20).
140
Let x(a) = -2*a**2 + 9*a - 8. Determine x(7).
-43
Let g(c) = -2*c**2 - 7*c - 5. What is g(-4)?
-9
Let s(k) = -k**2 + 22*k - 34. Give s(20).
6
Let a(m) = -18*m - 18. Give a(-2).
18
Let b(n) = -n**2 + n + 6. Determine b(-3).
-6
Let q(g) = g**3 + 4*g**2 - 31*g - 28. Give q(-8).
-36
Let q(f) = -46*f + 413. Give q(9).
-1
Let x(c) = c**2 - c - 4. Determine x(3).
2
Let d(h) = -23*h - 5. What is d(-4)?
87
Let u(o) = 3*o**2 - 3*o - 11. Calculate u(2).
-5
Let q(b) = b**2 - 23*b + 21. Give q(22).
-1
Let r(d) = d**3 - 11*d**2 + 46. What is r(11)?
46
Let d(r) = r + 2. What is d(-4)?
-2
Let w(j) = -2*j**2 - 16*j + 1. What is w(-12)?
-95
Let m(n) = 3*n - 12. Give m(-13).
-51
Let w(z) = 3*z**2 - 29*z - 48. What is w(11)?
-4
Let k(g) = -40*g + 802. Give k(20).
2
Let n(i) = 2*i**3 - 4*i**2 + i. Determine n(1).
-1
Let y(t) = t**2 - 9*t + 17. Calculate y(6).
-1
Let z(c) = -c**2 + 27*c - 61. Determine z(0).
-61
Let a(q) = -6*q**2 + 48*q - 4. Give a(7).
38
Let w(s) = 3*s**2 - 13*s + 5. What is w(4)?
1
Let x(w) = -w**3 + 15*w**2 - 25*w + 5. Calculate x(12).
137
Let c(i) = -i**3 - 7*i**2 + 33*i + 225. Calculate c(-7).
-6
Let g(m) = 5*m - 42. What is g(-10)?
-92
Let h(k) = -3*k**3 + 17*k**2 + 37*k + 5. What is h(-2)?
23
Let q(w) = -w**3 + 15*w**2 - 14*w - 10. Give q(14).
-10
Let c(a) = -a**2 + a - 3. Determine c(-4).
-23
Let q(h) = -5*h**2 + 31*h + 16. Determine q(7).
-12
Let v(w) = w**2 - 2*w - 2. Determine v(5).
13
Let x(q) = -3*q**3 - 11*q**2 - 14*q - 9. Determine x(-4).
63
Let o(q) = -2*q + 20. Give o(10).
0
Let a(c) = c**3 - 12*c**2 - 7*c + 94. Give a(12).
10
Let m(d) = -d**2 - 8*d - 8. What is m(-7)?
-1
Let h(y) = y**2 - 9*y + 3. What is h(0)?
3
Let i(g) = -g**2 + 56*g - 94. Calculate i(55).
-39
Let u(o) = 5*o + 10. Determine u(1).
15
Let i(w) = -2*w - 25. Determine i(-9).
-7
Let a(k) = k**2 - 12*k + 5. Calculate a(8).
-27
Let o(t) = t**3 - 7*t**2 + 16*t - 16. Give o(5).
14
Let n(h) = -94*h - 101. Give n(-1).
-7
Let k(j) = -j**3 - 10*j**2 - 11*j - 6. Calculate k(-9).
12
Let f(g) = 5*g**2 + 7*g - 1. What is f(3)?
65
Let q(v) = 2*v**3 + 5*v + 6. Give q(-2).
-20
Let t(l) = -l**3 + 10*l**2 + 5*l + 7. Calculate t(10).
57
Let p(h) = -36*h + 721. Give p(20).
1
Let t(z) = -z**3 - 4*z**2 + 4*z - 4. Determine t(-4).
-20
Let i(z) = -18*z - 2. Calculate i(7).
-128
Let d(u) = -u**3 + 4*u**2 - 3*u - 1. Calculate d(4).
-13
Let t(d) = d**2 + 9*d - 3. What is t(-9)?
-3
Let r(x) = 2*x**2 - 14*x - 11. Determine r(7).
-11
Let t(z) = -z**2 - 15*z + 34. Calculate t(-17).
0
Let p(z) = 20*z**3 - 2*z**2 + 5*z - 2. Calculate p(2).
160
Let m(x) = -x**2 + 11*x + 22. What is m(11)?
22
Let c(v) = v**2 - 38*v + 5. Calculate c(38).
5
Let w(h) = h**3 - 5*h**2 - 14*h - 3. Calculate w(7).
-3
Let i(y) = y**3 + 5*y**2 + 5*y + 4. Give i(-4).
0
Let b(y) = -y**3 + 21*y**2 - y - 40. What is b(21)?
-61
Let a(y) = y**2 - 24*y + 161. Calculate a(14).
21
Let s(j) = 2*j**3 + 9*j**2 - 2*j + 1. What is s(-5)?
-14
Let o(u) = 4*u + 41. Determine o(-9).
5
Let f(p) = 10*p + 3. Determine f(3).
33
Let w(a) = -a**3 + 4*a**2 - 4*a + 6. Determine w(4).
-10
Let c(y) = -2*y - 47. Determine c(-19).
-9
Let g(c) = -19*c - 1568. Determine g(-82).
-10
Let i(c) = 3*c**2 - 36*c - 7. Give i(12).
-7
Let b(p) = p**3 - 14*p**2 - 15*p + 4. Give b(15).
4
Let r(u) = u**3 + u**2 - 2*u + 3. What is r(0)?
3
Let r(b) = -3*b**2 + 40*b - 12. Determine r(13).
1
Let r(g) = g**2 + 5*g + 25. Determine r(-9).
61
Let t(h) = h**3 + 3*h**2 - 7*h - 2. Give t(-3).
19
Let u(t) = -4*t**2 - 33*t - 14. Determine u(-8).
-6
Let b(n) = 3*n**2 + 10*n - 6. Give b(-5).
19
Let g(z) = -6*z**2 - 4*z - 3. What is g(-1)?
-5
Let g(n) = n + 24. Determine g(-21).
3
Let u(v) = -v**2 - 3*v + 43. Determine u(5).
3
Let z(l) = 2*l**2 + 17*l - 2. Give z(-9).
7
Let m(p) = -12*p**2 + 3*p + 3. Determine m(-2).
-51
Let u(i) = -31*i**3 + i**2 + i. Give u(-1).
31
Let p(w) = -2*w**2 + 17*w + 9. Determine p(7).
30
Let s(k) = 2*k**3 + 2*k**2 - 2*k. Determine s(-3).
-30
Let l(k) = k**3 - 45*k**2 - 44*k - 92. Give l(46).
0
Let k(o) = -21*o**3 - o**2 - 2*o - 1. Give k(-1).
21
Let j(s) = s**3 + 7*s**2 - 3*s - 22. Give j(-7).
-1
Let q(f) = 3*f**2 + 80*f + 44. Determine q(-26).
-8
Let o(m) = 3*m + 1. Determine o(4).
13
Let m(p) = p**2 + 10*p + 7. Give m(-10).
7
Let d(j) = -3*j**2 - 71*j + 95. What is d(-25)?
-5
Let c(r) = 44*r + 142. What is c(-3)?
10
Let l(x) = -x**3 - 2*x + 1. What is l(2)?
-11
Let v(m) = -14*m**2 + m - 1. What is v(-2)?
-59
Let a(d) = 19*d + 54. Determine a(-4).
-22
Let s(f) = -13*f + 85. Calculate s(7).
-6
Let s(n) = n**3 + 32*n**2 - 30*n + 94. What is s(-33)?
-5
Let u(s) = 2*s**3 - 3*s**2 + 2. What is u(-1)?
-3
Let y(h) = 2*h**2 - 30*h + 111. Calculate y(10).
11
Let t(s) = 2*s**3 + 105*s**2 + 152*s - 56. Calculate t(-51).
-5
Let w(m) = m**2 - 10*m - 11. Determine w(12).
13
Let w(a) = -11*a - 46. Calculate w(-5).
9
Let o(c) = c**3 + 2*c**2 - 5*c - 14. Calculate o(-3).
-8
Let s(c) = -3*c**2 - 21*c + 4. Give s(-7).
4
Let x(s) = 2*s**2 - 18*s + 13. Determine x(8).
-3
Let j(y) = y**2 + 31*y - 332. What is j(8)?
-20
Let t(v) = 27*v**3 + 3*v**2 - 2*v. Give t(1).
28
Let y(x) = -2*x - 7. Give y(9).
-25
Let a(l) = -l**2 + 37*l - 157. Calculate a(5).
3
Let z(a) = a**3 - 4*a**2 + 2*a - 5. Calculate z(4).
3
Let s(n) = 3*n + 20. Give s(-7).
-1
Let h(l) = -8*l**2 + 48*l + 49. Determine h(-1).
-7
Let p(f) = f**2 - 7*f + 9. What is p(3)?
-3
Let k(o) = -3*o - 53. Determine k(-24).
19
Let w(c) = -2*c + 61. Give w(15).
31
Let p(g) = -g**2 - 13*g + 9. What is p(-13)?
9
Let s(c) = -c - 15. Determine s(1).
-16
Let h(t) = 7*t + 7. Determine h(-1).
0
Let m(r) = -3*r**2 - 2*r - 16. Determine m(-7).
-149
Let n(f) = -f**3 - 26*f**2 - 26*f + 34. Give n(-25).
59
Let y(m) = m**3 + 14*m**2 + m + 17. What is y(-14)?
3
Let a(l) = l**3 - 9*l**2 + 8*l - 3. Give a(8).
-3
Let f(s) = 2*s**3 - 17*s**2 + 12*s - 17. Determine f(8).
15
Let x(d) = -d**3 + 15*d**2 + 2*d - 30. Give x(15).
0
Let n(j) = -4*j + 115. Determine n(17).
47
Let u(j) = j**2 + 9*j - 23. Give u(-12).
13
Let n(r) = 2*r**2 + 14*r + 8. Determine n(-10).
68
Let k(m) = -m**3 - 13*m**2 - 11*m - 10. Give k(-12).
-22
Let l(i) = -6*i**2 + 2*i - 4. Give l(-2).
-32
Let g(a) = -a**2 - 9*a + 157. Calculate g(9).
-5
Let b(z) = 19*z + 69. Determine b(-3).
12
Let a(l) = -9*l**2 - 2*l + 5. Give a(-2).
-27
Let v(n) = 9*n - 5. Determine v(3).
22
Let f(o) = -o**3 + 15*o**2 + 3*o + 22. What is f(15)?
67
Let p(v) = -v**3 + 3*v**2 + 2